tors of 189727162.
2, 283, 335207
List the prime factors of 1477936737.
3, 23, 101, 223, 317
List the prime factors of 46167118.
2, 23, 61, 16453
List the prime factors of 3380812054.
2, 29, 103, 565921
What are the prime factors of 1496052?
2, 3, 29, 1433
List the prime factors of 1703255.
5, 19, 17929
List the prime factors of 49036195.
5, 13, 58031
List the prime factors of 622756068.
2, 3, 11, 313, 15073
What are the prime factors of 31957227?
3, 47, 25183
List the prime factors of 214094140.
2, 5, 13, 61, 13499
What are the prime factors of 235896153?
3, 19, 4138529
What are the prime factors of 542153382?
2, 3, 90358897
What are the prime factors of 18347847?
3, 7, 873707
What are the prime factors of 41669630?
2, 5, 1493, 2791
List the prime factors of 261035524.
2, 65258881
What are the prime factors of 7622976372?
2, 3, 11, 127, 454723
What are the prime factors of 559130150?
2, 5, 29, 385607
List the prime factors of 18506535.
3, 5, 31, 39799
What are the prime factors of 139526228?
2, 43, 811199
What are the prime factors of 127361983?
7, 79, 230311
List the prime factors of 235611247.
235611247
What are the prime factors of 11203180?
2, 5, 560159
What are the prime factors of 63331897?
63331897
List the prime factors of 954190407.
3, 318063469
List the prime factors of 1519573957.
11, 138143087
List the prime factors of 416766875.
5, 7, 95261
List the prime factors of 101078113.
101078113
List the prime factors of 29341756.
2, 7335439
List the prime factors of 11812058.
2, 5906029
List the prime factors of 367816768.
2, 11, 47497
What are the prime factors of 1892914264?
2, 269, 879607
List the prime factors of 1790469817.
14293, 125269
List the prime factors of 20902075.
5, 47, 17789
What are the prime factors of 5315928670?
2, 5, 13, 31, 619, 2131
What are the prime factors of 14760977?
7, 11, 53, 3617
What are the prime factors of 2226423461?
7333, 303617
What are the prime factors of 1361400178?
2, 1553, 438313
List the prime factors of 257386712.
2, 11, 233, 12553
What are the prime factors of 8223255?
3, 5, 60913
What are the prime factors of 45417052?
2, 509, 22307
List the prime factors of 1385276952.
2, 3, 57719873
What are the prime factors of 177172818?
2, 3, 23, 353, 3637
What are the prime factors of 472179032?
2, 13, 19, 83, 2879
List the prime factors of 167246654.
2, 29, 2883563
What are the prime factors of 404338171?
149, 2713679
List the prime factors of 2739157477.
7, 19, 397, 7411
What are the prime factors of 210136971?
3, 11, 6367787
What are the prime factors of 406705?
5, 13, 6257
What are the prime factors of 3808103?
13, 53, 5527
What are the prime factors of 22388245?
5, 11, 407059
List the prime factors of 1198306494.
2, 3, 7, 11, 37, 7789
What are the prime factors of 332827143?
3, 11, 727, 13873
List the prime factors of 1801218002.
2, 1877, 479813
What are the prime factors of 1506484768?
2, 19, 130409
What are the prime factors of 865827412?
2, 61, 3548473
What are the prime factors of 274043022?
2, 3, 11, 23, 73, 2473
What are the prime factors of 68805549?
3, 7645061
List the prime factors of 56493441.
3, 19, 101, 3271
List the prime factors of 48619977.
3, 7, 2315237
List the prime factors of 768618734.
2, 13, 2621, 11279
What are the prime factors of 503532842?
2, 373, 674977
What are the prime factors of 71764736?
2, 197, 1423
What are the prime factors of 37125753?
3, 7, 19, 93047
What are the prime factors of 1227858205?
5, 7, 35081663
List the prime factors of 308328783.
3, 7, 29, 283, 1789
List the prime factors of 1549513687.
1549513687
What are the prime factors of 2334227917?
7, 37, 9012463
List the prime factors of 1909959224.
2, 89, 2682527
List the prime factors of 683220796.
2, 23, 2203, 3371
List the prime factors of 311956740.
2, 3, 5, 73, 23741
What are the prime factors of 156770644?
2, 39192661
List the prime factors of 1189827016.
2, 7, 3035273
List the prime factors of 2531756820.
2, 3, 5, 37, 1140431
List the prime factors of 60331407.
3, 3011, 6679
What are the prime factors of 2010726680?
2, 5, 17, 19, 8191
List the prime factors of 88324234.
2, 2273, 19429
What are the prime factors of 4846792240?
2, 5, 60584903
What are the prime factors of 238564021?
238564021
List the prime factors of 143898356.
2, 7, 41, 163, 769
What are the prime factors of 7763080?
2, 5, 13, 14929
What are the prime factors of 1181413?
1181413
What are the prime factors of 730755234?
2, 3, 11, 17, 61, 3559
List the prime factors of 259253018.
2, 129626509
What are the prime factors of 417135718?
2, 208567859
List the prime factors of 793218931.
793218931
List the prime factors of 20190166.
2, 47, 214789
What are the prime factors of 69793382?
2, 937, 37243
List the prime factors of 292402119.
3, 41, 2377253
List the prime factors of 90849609.
3, 23, 438887
What are the prime factors of 94502300?
2, 5, 29, 32587
What are the prime factors of 167584352?
2, 13, 402847
What are the prime factors of 120026937?
3, 457, 87547
List the prime factors of 262419903.
3, 23, 839, 1511
What are the prime factors of 76480984?
2, 191, 50053
What are the prime factors of 1817807079?
3, 11, 5007733
List the prime factors of 291691057.
7, 41670151
List the prime factors of 309607574.
2, 59, 61, 43013
List the prime factors of 20003989.
67, 293, 1019
List the prime factors of 232105443.
3, 23, 43, 78229
List the prime factors of 90644954.
2, 137, 330821
What are the prime factors of 25076669?
25076669
What are the prime factors of 517036232?
2, 17, 521, 7297
What are the prime factors of 5395692845?
5, 131, 8237699
What are the prime factors of 16974513?
3, 1181, 1597
List the prime factors of 372437870.
2, 5, 7, 17, 47, 6659
List the prime factors of 8716112.
2, 544757
What are the prime factors of 110396419?
7, 17, 37, 25073
List the prime factors of 160806596.
2, 701, 57349
List the prime factors of 154464329.
17, 2851, 3187
List the prime factors of 155117349.
3, 19, 3733
List the prime factors of 51368439.
3, 479, 35747
What are the prime factors of 1280958793?
4493, 285101
What are the prime factors of 590012826?
2, 3, 13, 241, 31387
What are the prime factors of 26315651?
101, 260551
What are the prime factors of 3328335847?
2687, 1238681
What are the prime factors of 21967271?
21967271
What are the prime factors of 2025224061?
3, 7, 569, 169489
List the prime factors of 542589740.
2, 5, 7, 11, 50333
List the prime factors of 2629273621.
13, 131, 863, 1789
List the prime factors of 18564537.
3, 6188179
What are the prime factors of 123750460?
2, 5, 131, 149, 317
List the prime factors of 14593939.
17, 858467
List the prime factors of 85325565.
3, 5, 13, 97, 347
List the prime factors of 12506387.
12506387
List the prime factors of 786155917.
786155917
What are the prime factors of 16593536?
2, 19, 6823
List the prime factors of 696219071.
17, 19, 2155477
List the prime factors of 25816067.
25816067
List the prime factors of 251989107.
3, 83996369
List the prime factors of 22266266.
2, 11, 1012103
List the prime factors of 4207142.
2, 457, 4603
List the prime factors of 3366419267.
29, 41, 131, 21613
What are the prime factors of 814794308?
2, 79, 2578463
What are the prime factors of 85261262?
2, 42630631
What are the prime factors of 51952036?
2, 97, 257, 521
What are the prime factors of 377981556?
2, 3, 31498463
List the prime factors of 123563033.
11, 251, 44753
List the prime factors of 326860418.
2, 163430209
What are the prime factors of 126078020?
2, 5, 6303901
List the prime factors of 91448805.
3, 5, 7, 19, 23, 1993
What are the prime factors of 407936929?
89, 4583561
List the prime factors of 1250743909.
41, 967, 31547
List the prime factors of 476078052.
2, 3, 39673171
What are the prime factors of 291244151?
11, 26476741
List the prime factors of 27708532.
2, 6927133
List the prime factors of 1097895254.
2, 271, 2025637
List the prime factors of 31409205.
3, 5, 61, 34327
What are the prime factors of 228954745?
5, 67, 683447
What are the prime factors of 9054312?
2, 3, 377263
List the prime factors of 2014749977.
379, 5315963
List the prime factors of 1694416940.
2, 5, 84720847
What are the prime factors of 1170266152?
2, 11, 13298479
What are the prime factors of 96116121?
3, 29, 37, 269
What 